mmon factor of 4420 and 28860.
260
What is the greatest common factor of 606 and 903950?
202
Calculate the greatest common factor of 1085 and 35154.
217
Calculate the greatest common divisor of 28140 and 112.
28
What is the greatest common factor of 142 and 22?
2
Calculate the greatest common divisor of 185730 and 604.
302
What is the greatest common divisor of 560 and 817040?
560
What is the highest common factor of 2274727 and 49?
49
Calculate the greatest common divisor of 69632 and 272.
272
What is the greatest common factor of 52 and 214786?
26
What is the greatest common divisor of 20 and 5965?
5
Calculate the highest common divisor of 58 and 19343.
29
What is the highest common divisor of 20 and 14530?
10
Calculate the highest common factor of 75067 and 554.
277
Calculate the greatest common divisor of 32 and 9037088.
32
What is the greatest common factor of 135024 and 1827?
87
Calculate the highest common factor of 10 and 464510.
10
Calculate the greatest common factor of 156399 and 185.
37
Calculate the highest common factor of 14577 and 1075.
43
Calculate the greatest common divisor of 7222 and 46158.
314
Calculate the greatest common factor of 987 and 471.
3
Calculate the highest common factor of 44 and 38852.
44
Calculate the highest common divisor of 5448 and 744.
24
What is the highest common factor of 49 and 72079?
49
What is the highest common divisor of 16541 and 2975017?
2363
What is the greatest common factor of 8553 and 39?
3
Calculate the greatest common divisor of 581 and 41168.
83
What is the greatest common factor of 809493 and 2868?
717
Calculate the highest common factor of 3900 and 3955575.
975
Calculate the greatest common divisor of 18505875 and 809.
809
Calculate the highest common divisor of 6764241 and 1562.
781
Calculate the greatest common factor of 654 and 1387352.
218
What is the greatest common divisor of 86 and 81958?
86
What is the highest common factor of 45 and 17078805?
45
What is the greatest common factor of 113832 and 8046?
54
What is the greatest common factor of 957 and 206799?
87
Calculate the greatest common divisor of 3211364 and 8.
4
Calculate the highest common factor of 603736 and 200.
8
What is the highest common divisor of 3650 and 800?
50
What is the greatest common divisor of 90423 and 1377?
459
Calculate the highest common factor of 23725 and 40300.
325
What is the greatest common divisor of 174016 and 192?
64
What is the highest common factor of 304 and 74100?
76
What is the greatest common divisor of 210 and 556950?
30
Calculate the highest common factor of 2691 and 1971.
9
Calculate the greatest common factor of 48461 and 51428.
989
What is the highest common divisor of 10640 and 35?
35
What is the greatest common divisor of 7740417 and 327?
327
Calculate the highest common divisor of 196469 and 884.
221
What is the highest common factor of 370208 and 736?
736
Calculate the greatest common factor of 8460 and 225.
45
What is the highest common factor of 750 and 630?
30
Calculate the highest common factor of 207585 and 17010.
315
What is the highest common factor of 3278 and 3366?
22
Calculate the greatest common factor of 33 and 21351.
33
What is the highest common factor of 195426 and 3762?
198
Calculate the highest common divisor of 14620 and 3196.
68
Calculate the highest common divisor of 294 and 238.
14
Calculate the highest common factor of 820 and 17015.
205
Calculate the highest common factor of 65835 and 19.
19
What is the highest common factor of 1394 and 14063?
41
What is the greatest common factor of 1155 and 35700?
105
What is the greatest common factor of 492232 and 26?
26
Calculate the greatest common divisor of 4492 and 376.
4
What is the highest common factor of 2070 and 166455?
45
What is the greatest common factor of 83440 and 80?
80
What is the greatest common divisor of 6535 and 3605?
5
What is the highest common divisor of 32 and 4120?
8
Calculate the greatest common divisor of 85499 and 193.
193
What is the highest common divisor of 17010 and 7776?
486
Calculate the greatest common divisor of 7744 and 194084.
484
Calculate the highest common factor of 867 and 79509.
51
What is the greatest common divisor of 6 and 197370?
6
What is the highest common factor of 17145 and 2025?
135
What is the greatest common divisor of 27 and 5131161?
27
What is the greatest common factor of 9 and 2151?
9
What is the highest common factor of 6903 and 1872?
117
Calculate the highest common divisor of 2730 and 260130.
390
What is the greatest common factor of 37583 and 243971?
637
What is the greatest common factor of 11861 and 6844?
29
Calculate the greatest common factor of 321129 and 63.
9
What is the highest common factor of 836182 and 5652?
314
Calculate the highest common divisor of 1217405 and 735.
245
What is the highest common divisor of 15704 and 5944?
8
Calculate the greatest common divisor of 91 and 2744.
7
What is the greatest common factor of 20581129 and 107?
107
What is the highest common factor of 56 and 95248?
8
What is the greatest common factor of 585 and 11817?
117
What is the greatest common factor of 14451921 and 1023?
1023
What is the highest common divisor of 83853 and 22176?
693
What is the greatest common factor of 88603 and 753?
251
What is the highest common divisor of 119670 and 60?
30
What is the greatest common factor of 509 and 49?
1
Calculate the greatest common factor of 231 and 109704.
21
Calculate the highest common divisor of 17320 and 1149615.
2165
What is the greatest common divisor of 90 and 1230?
30
What is the greatest common divisor of 127 and 130048?
127
What is the greatest common factor of 150 and 38275?
25
What is the greatest common divisor of 1808 and 68252?
452
What is the greatest common divisor of 55614 and 186?
186
What is the highest common divisor of 909979 and 147?
49
Calculate the highest common divisor of 18 and 180261.
9
What is the highest common factor of 6 and 14690?
2
What is the highest common factor of 6017 and 286?
11
Calculate the highest common factor of 280 and 315.
35
What is the greatest common factor of 32 and 742?
2
Calculate the highest common factor of 214584 and 24.
24
Calculate the greatest common divisor of 15 and 53540.
5
Calculate the greatest common divisor of 420 and 60340.
140
Calculate the highest common factor of 364992 and 1032.
24
Calculate the highest common divisor of 10822319 and 697.
697
Calculate the greatest common divisor of 5964 and 9492.
84
Calculate the greatest common divisor of 327 and 20697.
3
What is the highest common factor of 91 and 3301766?
13
What is the highest common divisor of 7 and 1561917?
7
What is the greatest common factor of 254069 and 667?
29
What is the highest common divisor of 99 and 404811?
99
Calculate the highest common factor of 683379 and 45.
9
What is the highest common factor of 21 and 73003?
7
Calculate the greatest common divisor of 83660 and 376.
188
Calculate the greatest common divisor of 64798 and 3258.
362
What is the greatest common factor of 43593 and 66?
33
What is the greatest common factor of 9654 and 162?
6
What is the greatest common factor of 39 and 349323?
39
Calculate the highest common divisor of 260 and 9412.
52
Calculate the greatest common divisor of 7119 and 198387.
63
Calculate the highest common divisor of 6804 and 84.
84
Calculate the greatest common divisor of 35616 and 64.
32
Calculate the highest common factor of 342 and 90.
18
Calculate the highest common factor of 704 and 562958.
22
What is the greatest common factor of 70256 and 144?
16
Calculate the highest common divisor of 127165 and 1160.
145
What is the highest common factor of 403317 and 3321?
369
Calculate the highest common divisor of 39539 and 38.
19
What is the highest common divisor of 17236 and 4726?
278
What is the greatest common divisor of 15 and 905880?
15
Calculate the highest common factor of 282659 and 195.
13
Calculate the highest common factor of 3128 and 33626.
782
What is the greatest common divisor of 2196512 and 2481?
827
What is the highest common divisor of 25379 and 15475?
619
What is the highest common divisor of 65877 and 93?
3
What is the greatest common factor of 396 and 1127016?
396
What is the greatest common factor of 880 and 312070?
110
